ctors of v.
2, 73
Suppose -5*z + 2*s + 310 = 0, 4*s - 280 = 26*z - 31*z. Suppose -z*u - 471 = -61*u. What are the prime factors of u?
3, 157
Let t(l) = 37*l + 1. Suppose 2*j = 5*y - 159, j + 3*y - 8*y = -87. Let d be (8 + -2)*(-12)/j. What are the prime factors of t(d)?
2, 19
Suppose 3 + 3 = 3*c. Let g be (-4 - 4)/(1*c/(-28)). What are the prime factors of 4 - (-2 - (g - 3))?
5, 23
Let b(d) = 9*d**3 + 5*d**2 + 9*d - 5. Let y be b(-10). List the prime factors of 70/21*(y/25)/(-3).
2, 191
Let y(r) = 44 - 10 + r**2 + 2*r**2 - 32*r - 22 + 0*r**2. List the prime factors of y(15).
3, 23
Suppose 3*v = -0*v. Let t = -394 + 412. Suppose -r - 4*q + 49 + t = v, q = -5. List the prime factors of r.
3, 29
Suppose 488 = 2*o - 294. Let z = o + -104. What are the prime factors of z?
7, 41
Let w(b) be the first derivative of 5*b**3/3 + 3*b - 909. Let x(i) = 4*i - 2. Let j be x(2). List the prime factors of w(j).
3, 61
Let l(q) = -3*q**2 + 3. Let z be l(-2). Let f = -6 + z. List the prime factors of 18 - (16/(-10) - 9/f).
19
Let w(n) = -159*n**3 + n**2 - 24*n + 23. Let g(m) = 158*m**3 - m**2 + 24*m - 23. Let t(d) = -3*g(d) - 4*w(d). List the prime factors of t(1).
2, 3
Let d(l) = 3*l - 11. Let o be d(5). Suppose -4*p + o*a + 613 = -727, -4*p - 2*a + 1310 = 0. What are the prime factors of p?
2, 3, 5, 11
Let u = -13 - -4. Let g be (u/18)/((-1)/10). Suppose 6*a + 2*f = g*a + 47, 0 = -2*f - 8. List the prime factors of a.
5, 11
Let g(b) be the third derivative of b**6/120 - b**5/30 + 5*b**4/24 + b**3/3 - 7*b**2. Suppose 2*t + 4 = 5*z - 11, -z - 3*t = -3. List the prime factors of g(z).
2, 13
Suppose -102*c + 9008515 = 89*c. What are the prime factors of c?
5, 9433
Let c be (-1735)/3 + (-416)/156. Let s = 1089 + c. What are the prime factors of s?
2, 127
Suppose 5*s - 85 = 4*a, s + a = 4*s - 58. Suppose 10240 = 61*h - s*h. What are the prime factors of h?
2
Let i(z) = -27*z - 4*z**2 + 13*z**2 - 41 + 5*z - 10*z. What are the prime factors of i(-12)?
11, 149
Suppose -230*r + 127 = -229*r. Let y = -215 + r. What are the prime factors of (-984)/y + 4/(-22)?
11
Let g(a) be the first derivative of -a**4/2 + a**3 + a**2 - 3*a - 14. Let n be g(3). Let p = 49 - n. What are the prime factors of p?
73
Suppose 4002 = 3*z + 3*g, 5*z + 0*g = 5*g + 6650. Suppose -86*s + 89*s = z. List the prime factors of s.
2, 3, 37
Let k(n) = 52*n + 3. Let s be k(-2). Let v = s + 60. What are the prime factors of (v/3)/((-3)/9)?
41
Suppose p + 3*i - 3165 = 865, 0 = -p + 3*i + 4048. List the prime factors of p.
7, 577
Suppose 50*w - 48*w + 2*t = 74426, -8*t - 186156 = -5*w. What are the prime factors of w?
2, 5, 1861
Let g be (-3186)/(-36)*(3 - 1). Suppose -i = -3*b + g, -5*b - 4*i - 106 = -418. Let r = b + -42. What are the prime factors of r?
2, 3
Let a = -224 + 104. Let u(y) = y**2 + 7*y + 12. Let b be u(-6). What are the prime factors of (a/32)/(b/(-112))?
2, 5, 7
Let g = -169 - -413. Let r be 127/(-1 + 2) - 3. Let d = g - r. List the prime factors of d.
2, 3, 5
Let q(p) = -24*p**3 - 8*p**2 - 49*p - 266. List the prime factors of q(-9).
29, 587
Let h = 49226 + -27598. List the prime factors of h.
2, 5407
Suppose -3*j + 103 = 2*d, 2*j = 3*d - 2*d - 69. Let a = d - 54. Suppose a*p = -0*p + 265. List the prime factors of p.
53
What are the prime factors of ((-4145)/(-10))/(8 - 635/80)?
2, 829
Let z(j) = -709*j - 118. What are the prime factors of z(-9)?
6263
Let q(v) = 12*v**2 - 10*v + 19. What are the prime factors of q(10)?
3, 373
What are the prime factors of (4 - -3) + 19588 + 25?
2, 3, 5, 109
Let b(z) = z**2 - 157*z + 50. What are the prime factors of b(-72)?
2, 8269
List the prime factors of ((-62)/10)/(7/(-9065)).
7, 31, 37
Suppose -2*k + 12 = -2*f - 6, k + 5*f = -15. Suppose 2*i = -3*w + 832, 0 = -4*w - k*i + i + 1104. What are the prime factors of w?
2, 5, 7
List the prime factors of 2223996/120 - 7/((-140)/(-6)).
43, 431
Suppose 7*f = -36 + 50. Suppose -162 - 195 = -f*y - 3*a, 2*y + 2*a = 360. List the prime factors of y.
3, 61
Suppose 2*u + 2*a - 54111 = -a, 3*a - 21 = 0. What are the prime factors of u?
3, 5, 601
Let s be 27 - -1 - -5 - -9. Let u be 2/(-1 + 0) - 26. Let t = s + u. List the prime factors of t.
2, 7
Let f = 26978 + -4450. List the prime factors of f.
2, 11
Suppose -n + 1 = x - 3*x, -2*x - 4*n + 24 = 0. Let i(u) = 60*u**x + u + 8*u - 59*u**2. What are the prime factors of i(-14)?
2, 5, 7
Suppose -2*v - 408 + 378 = 0. Let x(k) = -k**3 - 15*k**2 - 18*k - 16. List the prime factors of x(v).
2, 127
Suppose -2*w - 6113 + 28004 = 5*i, 0 = 3*w - 3*i - 32868. What are the prime factors of w?
3, 1217
Let o be -1*9*8*(-5)/30. Let j(s) = 24*s + 5 + o*s + 12*s - 32*s - s**2. What are the prime factors of j(16)?
5
Suppose -50*z = -31*z - 153539. What are the prime factors of z?
8081
Suppose 6971 = -11*d + 51796. Suppose -13*s + d = -8*s. What are the prime factors of s?
5, 163
Suppose -59*f - 80 = -75*f. Suppose f*m = p + 6991, -1833 = -m - p - 436. What are the prime factors of m?
2, 3, 233
What are the prime factors of 179558*1/18 - (-4)/(-9)?
3, 5, 7, 19
Let m = -73644 + 146534. What are the prime factors of m?
2, 5, 37, 197
Suppose 24*c = 225173 - 8279 + 24978. What are the prime factors of c?
2, 5039
Suppose 0 = 5*i - m - 203, -8*i + 9*i = 5*m + 55. Suppose -23550 - 18730 = -i*h. What are the prime factors of h?
7, 151
Suppose -2*z - 8 = 8. Let p(v) be the second derivative of v**4/6 - v**3/3 + 11*v**2 + 3349*v. What are the prime factors of p(z)?
2, 83
Suppose 5*g - 33545 = 5*h, -187*g - 4*h - 33547 = -192*g. List the prime factors of g.
3, 2237
Let m be (-2 - -6 - 6 - 1) + 13. Suppose 3218 = m*k - 1902. What are the prime factors of k?
2
List the prime factors of ((-67)/(-134))/((-2)/(-30884)).
7, 1103
Let n(h) = -270*h**3 - 13*h**2 - 10*h + 2. What are the prime factors of n(-5)?
3, 11159
Let g = -19 - -24. What are the prime factors of (g + (-259)/28)*104*-1?
2, 13, 17
Suppose 52*l + 11*l - 1254359 = -10*l. List the prime factors of l.
17183
Let x(q) = -2*q**2 - 57*q - 14. Let a(c) = -c**2 + 5*c + 49. Let i be a(11). What are the prime factors of x(i)?
13, 29
Let g be (-1)/(-4) - (-353100)/(-48). Let o be (-6)/(-21) + g/(-28). Suppose -t + 67 = 3*r, 4*t + 2*r = o - 5. What are the prime factors of t?
2
Let g = 21455 + 6211. What are the prime factors of g?
2, 3, 29, 53
Let c = -219 - -222. Suppose -c*v + 9 = 0, 5*v + 512 = 3*j + 110. List the prime factors of j.
139
What are the prime factors of 434874/84 + 15/(-210)?
31, 167
Let d(h) = 11*h**2 - 5*h + 5. Let f be d(2). Suppose 69*n - 1230 = f*n. List the prime factors of n.
41
Suppose 4*x - 8 = -4. List the prime factors of 39/(x/((-36)/(-6))).
2, 3, 13
Let n = -27471 - -51072. List the prime factors of n.
3, 7867
Let n = -130 - -140. Let r be 4/n + 796/10. Let h = r + -38. What are the prime factors of h?
2, 3, 7
Let n(c) = 2901*c + 1156. What are the prime factors of n(17)?
17, 2969
Let m be 35/(-112)*4*-8. Let t(q) = 165*q + 146. What are the prime factors of t(m)?
2, 449
Suppose c + 41561 = 2*u, 10*c = 3*u + 19*c - 62352. List the prime factors of u.
3, 2309
Suppose -1394*m = -1396*m + 2*s + 1218, -2*s = -4*m + 2426. What are the prime factors of m?
2, 151
Suppose -12*v = -15*v + 12. Suppose -v*o + 194 = 3*q, -o = 5*q + 3*o - 318. List the prime factors of q.
2, 31
Suppose 55*m = 46*m + 81981. What are the prime factors of m?
9109
Let g be -1155 + (-8)/(-6)*60/16. Let s = g - -2797. What are the prime factors of s?
3, 61
Let q(l) = 80*l**2. Let o be q(-1). Suppose -142 = -2*z + o. Suppose 299 = 4*h + z. List the prime factors of h.
47
Let a(y) = 81*y. Let h be a(-4). Let g = h - -569. List the prime factors of g.
5, 7
Let z be (-6)/(-4)*10930/15. Suppose 4*s - d = 696, -5*s + z = 5*d + 198. Let y = s + -81. List the prime factors of y.
2, 47
Let h(u) = 1857*u**3 + 2*u**2 - 4*u + 2. What are the prime factors of h(1)?
3, 619
Let v = 10164 + -160. What are the prime factors of v?
2, 41, 61
Let s be 1 - 5 - -3 - -165. Suppose v + 3*b + s = 0, 3*v + b - 617 = 7*v. Let l = v + 306. What are the prime factors of l?
151
Suppose 0 = -3*z + 47 + 223. Suppose -5*a + 25 = -z. Let s = 85 - a. What are the prime factors of s?
2, 31
Suppose 1774 = -6*b + 214. Let x be b/(-28) - (-8)/(-28). Suppose x*t = 5*t + 448. What are the